posite number?
False
Is 47659621 a prime number?
False
Is 878723 a composite number?
True
Is 2111897 composite?
False
Is 4364483 prime?
False
Is 2446693 prime?
True
Is 96475661 a prime number?
False
Is 7673005 a composite number?
True
Is 108809 prime?
False
Is 6099073 composite?
True
Is 20465597 a prime number?
False
Is 445114 prime?
False
Is 11939731 prime?
True
Is 257793553 composite?
False
Is 34742369 composite?
False
Is 3328621 a composite number?
False
Is 11895703 composite?
False
Is 52775069 composite?
False
Is 205351777 a composite number?
False
Is 468619 a composite number?
False
Is 170763 a composite number?
True
Is 36761381 a prime number?
False
Is 665843 composite?
False
Is 9693691 composite?
True
Is 173097763 composite?
False
Is 32138278 composite?
True
Is 24031835 prime?
False
Is 53397893 a composite number?
True
Is 13217581 prime?
False
Is 4170283 prime?
False
Is 2140903 prime?
True
Is 11037797 prime?
True
Is 174790535 a composite number?
True
Is 196099 a composite number?
True
Is 2345209 a composite number?
False
Is 5526977 composite?
False
Is 2388473 prime?
True
Is 332947 composite?
False
Is 11821829 prime?
False
Is 87060221 a composite number?
True
Is 2311073 a prime number?
False
Is 70147834 composite?
True
Is 131905273 a composite number?
True
Is 56379283 prime?
True
Is 61448723 composite?
True
Is 1849657 prime?
False
Is 860519 a prime number?
False
Is 23246851 a prime number?
False
Is 2204407 prime?
False
Is 9423131 a prime number?
True
Is 94871 a prime number?
False
Is 5938367 a prime number?
True
Is 758847 a composite number?
True
Is 25751537 prime?
False
Is 141677141 a composite number?
False
Is 696571 prime?
False
Is 29220029 prime?
True
Is 6720887 a composite number?
False
Is 26998903 a composite number?
False
Is 9384209 a prime number?
True
Is 589346 prime?
False
Is 222750373 prime?
True
Is 115211207 a composite number?
True
Is 3829739 prime?
False
Is 8150213 a composite number?
True
Is 76844734 a prime number?
False
Is 798761 a prime number?
False
Is 332295191 a prime number?
False
Is 1726913 composite?
False
Is 196540069 a composite number?
True
Is 752487 a prime number?
False
Is 17255573 a prime number?
True
Is 278449 a prime number?
False
Is 2511389 a prime number?
True
Is 940829 a composite number?
False
Is 4844989 composite?
False
Is 136374946 a prime number?
False
Is 32591461 a prime number?
False
Is 64549687 composite?
False
Is 656736854 composite?
True
Is 4283047 a prime number?
True
Is 50766439 a prime number?
False
Is 628853 prime?
False
Is 6009253 a prime number?
True
Is 168391 prime?
True
Is 381334753 composite?
False
Is 101190263 composite?
True
Is 2933971 a composite number?
False
Is 2083805 a composite number?
True
Is 12524441 a prime number?
True
Is 6670187 a prime number?
True
Is 6515269 composite?
True
Is 27593837 prime?
True
Is 4617161 a composite number?
False
Is 26117785 prime?
False
Is 51864749 a composite number?
False
Is 3340047 a composite number?
True
Is 1853783 prime?
False
Is 1483597 composite?
False
Is 8049761 a composite number?
True
Is 48315431 a composite number?
False
Is 4435229 a composite number?
True
Is 72184921 a prime number?
True
Is 12683369 composite?
True
Is 117313453 prime?
False
Is 14925401 a composite number?
True
Is 5502179 composite?
False
Is 263448181 a prime number?
True
Is 61707431 prime?
True
Is 4107917 composite?
True
Is 229739 a composite number?
False
Is 20200493 composite?
True
Is 303223 a prime number?
False
Is 420856699 prime?
True
Is 1653467 composite?
True
Is 47933 prime?
True
Is 2441297 composite?
True
Is 48030573 a composite number?
True
Is 20440039 a composite number?
False
Is 29823713 prime?
True
Is 46760383 a composite number?
True
Is 45502043 prime?
False
Is 57161527 composite?
False
Is 194951 composite?
True
Is 96630763 composite?
False
Is 1329871 composite?
False
Is 2269651 prime?
False
Is 9793 a composite number?
True
Is 1853314 a prime number?
False
Is 10656787 composite?
False
Is 61553501 a prime number?
True
Is 525134905 a prime number?
False
Is 2953617 a prime number?
False
Is 197542681 composite?
True
Is 47613219 a prime number?
False
Is 1933921 a composite number?
True
Is 859046717 composite?
False
Is 91005143 a prime number?
True
Is 711816253 a prime number?
False
Is 798459 a composite number?
True
Is 13833581 composite?
False
Is 73616513 a composite number?
True
Is 5917903 a composite number?
False
Is 18042301 composite?
True
Is 3093407 a prime number?
True
Is 1337993 a prime number?
False
Is 5447821 prime?
True
Is 17196577 composite?
True
Is 13434479 a prime number?
False
Is 16919563 a prime number?
False
Is 1044007 a prime number?
False
Is 19427741 composite?
False
Is 824563 prime?
True
Is 33251347 a prime number?
True
Is 7271239 a composite number?
True
Is 100036687 prime?
False
Is 1755595123 a composite number?
False
Is 111228451 a composite number?
True
Is 58410431 a prime number?
True
Is 40983841 composite?
False
Is 18237959 prime?
True
Is 14140081 a prime number?
False
Is 2372063 composite?
True
Is 88630303 prime?
False
Is 419054413 composite?
False
Is 3269095 prime?
False
Is 1123861 prime?
False
Is 61754397 prime?
False
Is 139811387 a composite number?
False
Is 151709297 a composite number?
False
Is 14914 prime?
False
Is 100333 composite?
False
Is 2310943 a prime number?
False
Is 28833149 a composite number?
True
Is 46140299 prime?
True
Is 9093671 a composite number?
True
Is 195474247 a composite number?
False
Is 2936399 a composite number?
True
Is 4225693 composite?
True
Is 35999323 a prime number?
True
Is 1375841 a prime number?
False
Is 9999911 a composite number?
True
Is 7287193 a composite number?
False
Is 1901941 composite?
True
Is 9027611 a prime number?
True
Is 27827957 composite?
False
Is 1073053 prime?
True
Is 130509763 a composite number?
True
Is 52390331 a composite number?
True
Is 34127879 a composite number?
False
Is 7472307 a composite number?
True
Is 2398151 a prime number?
False
Is 199877201 a composite number?
True
Is 11706083 prime?
False
Is 600599 composite?
True
Is 4074157 a prime number?
False
Is 932335771 a prime number?
False
Is 854239 a prime number?
False
Is 5604451 a composite number?
False
Is 78669593 a composite number?
True
Is 8558567 composite?
True
Is 6012863 prime?
False
Is 15585457 composite?
True
Is 739663 prime?
False
Is 8308457 a composite number?
True
Is 55987 prime?
True
Is 163545607 a prime number?
False
Is 29059 prime?
True
Is 121108517 composite?
False
Is 469435 a prime number?
False
Is 45348287 a composite number?
False
Is 25700219 a composite number?
False
Is 250072777 a composite number?
True
Is 1075427 a prime number?
False
Is 3732629 a prime number?
True
Is 103140391 prime?
False
Is 2851187 a composite number?
False
Is 4304693 a composite number?
False
Is 13347463 a composite number?
False
Is 109477 a prime number?
False
Is 209089261 prime?
True
Is 2772079 a composite number?
False
Is 8522777 prime?
True
Is 7994131 a prime number?
False
Is 1600631 a composite number?
False
Is 2404541 composite?
False
Is 8059091 a prime number?
False
Is 132087257 a composite number?
True
Is 68138293 prime?
True
Is 23029283 a prime number?
False
Is 96381881 a prime number?
False
Is 128757721 a prime number?
True
Is 4052831 prime?
False
Is 11776481 a composite number?
False
Is 4416499 composite?
False
Is 15980933 a composite number?
False
Is 13160599 composite?
True
Is 779113481 a prime number?
True
Is 10698517 prime?
False
Is 6112739 a composite number?
False
Is 60690287 a prime number?
False
Is 146848043 prime?
False
Is 29098613 a prime number?
False
Is 73132967 a composite number?
True
Is 27014074 a prime number?
False
Is 144893053 prime?
True
Is 12266123 a prime number?
True
Is 83386151 a composite number?
False
Is 12114503 composite?
True
Is 28724147 prime?
True
Is 378493 composite?
False
Is 33757397 a composite number?
True
Is 141121157 composite?
False
Is 622314023 composite?
True
Is 55699367 composite?
False
Is 944517787 composite?
False
Is 21600391 prime?
True
Is 13087819 prime?
True
Is 35390653 a composite number?
True
Is 20889109 a composite number?
False
Is 1874417 composite?
False
Is 32006341 prime?
True
Is 23545441 a composite number?
False
Is 74395751 a composite number?
True
Is 10942154 a